{"id":12807,"date":"2021-01-09T10:17:50","date_gmt":"2021-01-09T03:17:50","guid":{"rendered":"https:\/\/gemadept.webcanhcam.vn\/thong-bao\/gmd-change-and-additional-appointment-of-02-deputy-general-directors\/"},"modified":"2025-02-10T22:22:04","modified_gmt":"2025-02-10T15:22:04","slug":"gmd-change-and-additional-appointment-of-02-deputy-general-directors","status":"publish","type":"thong-bao","link":"https:\/\/gemadept.webcanhcam.vn\/en\/gmd-change-and-additional-appointment-of-02-deputy-general-directors\/","title":{"rendered":"GMD: Change and additional appointment of 02 deputy general directors"},"content":{"rendered":"<p>&nbsp;&nbsp;<\/p>\n<div class=\"announcement-files\">\n<h3>T\u00e0i li\u1ec7u \u0111\u00ednh k\u00e8m:<\/h3>\n<ul>\n<li><a href=\"https:\/\/gemadept.webcanhcam.vn\/wp-content\/uploads\/2021\/03\/GMD-Change-and-additional-appointment-of-02-deputy-general-directors-1.pdf\" target=\"_blank\">GMD: Change and additional appointment of 02 deputy general directors<\/a><\/li>\n<\/ul>\n<\/div>\n","protected":false},"excerpt":{"rendered":"<p>&nbsp;&nbsp; T\u00e0i li\u1ec7u \u0111\u00ednh k\u00e8m: GMD: Change and additional appointment of 02 deputy general directors<\/p>\n","protected":false},"featured_media":0,"template":"","meta":{"_acf_changed":false},"class_list":["post-12807","thong-bao","type-thong-bao","status-publish","hentry"],"acf":[],"_links":{"self":[{"href":"https:\/\/gemadept.webcanhcam.vn\/en\/wp-json\/wp\/v2\/thong-bao\/12807","targetHints":{"allow":["GET"]}}],"collection":[{"href":"https:\/\/gemadept.webcanhcam.vn\/en\/wp-json\/wp\/v2\/thong-bao"}],"about":[{"href":"https:\/\/gemadept.webcanhcam.vn\/en\/wp-json\/wp\/v2\/types\/thong-bao"}],"wp:attachment":[{"href":"https:\/\/gemadept.webcanhcam.vn\/en\/wp-json\/wp\/v2\/media?parent=12807"}],"curies":[{"name":"wp","href":"https:\/\/api.w.org\/{rel}","templated":true}]}}

<p>&nbsp;&nbsp;</p>
<div class="announcement-files">
<h3>Tài liệu đính kèm:</h3>
<ul>
<li><a href="https://gemadept.webcanhcam.vn/wp-content/uploads/2021/03/GMD-Change-and-additional-appointment-of-02-deputy-general-directors-1.pdf" target="_blank">GMD: Change and additional appointment of 02 deputy general directors</a></li>
</ul>
</div>

<p>&nbsp;&nbsp; Tài liệu đính kèm: GMD: Change and additional appointment of 02 deputy general directors</p>
